+ 1 - 4)*-127 a composite number?
False
Let l(o) = 3*o**3 - 5*o - 3 - 5*o**2 + 0*o**3 - 4*o**3. Is l(-5) composite?
True
Suppose 17*a - 21*a + 2732 = 0. Is a prime?
True
Let b(r) = -2*r**2 + 1. Let p be b(-1). Let h be -2 - (p - -3)/2. Is (-1)/h*(-402)/(-2) a composite number?
False
Let s(o) = 30*o**2 + o + 17. Is s(-4) a composite number?
True
Suppose 5*i - 139 = x + 249, 392 = 5*i + x. Suppose -5*h + i = 4*w, 0*w - 3*h = -w + 11. Let s = w + -8. Is s prime?
False
Suppose a - 5*v - 298 = 0, -6*a + 1374 = -a + 4*v. Let u(q) = q**2 + 3*q - 4. Let k be u(-4). Suppose j + w - 58 = k, -j - w = 4*j - a. Is j a prime number?
False
Suppose 0*r - 4*y - 23 = 5*r, -4*y - 8 = 0. Is (-42)/(-9)*(6 + r) prime?
False
Suppose -5*l + 12 = 2. Is l*(-1 + 297/6) a prime number?
True
Let q be (15*9 + 1)/1. Let r = q - 89. Is r a prime number?
True
Let x be ((-4)/6)/(2/(-3)). Let z(g) = 33*g**3. Is z(x) prime?
False
Let y(d) = -d**3 - 6*d**2 - 5*d - 5. Let m be y(-4). Suppose 0*v = -2*v - 2*s + 58, s = v - 27. Let t = v + m. Is t prime?
True
Let w = 348 + 29. Is w composite?
True
Let s(g) = 4*g**2 + 6*g - 6. Is s(4) prime?
False
Suppose -181 = -2*c + 241. Is c a composite number?
False
Let d = -1 + 8. Suppose -d*k = -2*k + 25, -3*w - 2 = -5*k. Is (2 - 24/w)*3 composite?
True
Let c(j) = -j**2 - 5*j - 2. Let v be c(-3). Suppose 2*q - 3*t = 304, 0 = -4*q + v*t + 254 + 350. Is q a prime number?
True
Let d = 185 - -6. Is d a prime number?
True
Suppose -3*q = -5*g + 1046, 5*q - 264 - 384 = -3*g. Is g prime?
True
Let y(p) = p + 2. Let x be y(-1). Let j = x + 2. Is j composite?
False
Suppose -3*w = -2*w - 75. Let p = w + -26. Is p a prime number?
False
Suppose 0*m + 1874 = m. Suppose 4*h + l = 1495, -5*h + 0*l - 3*l + m = 0. Is h a prime number?
True
Let y(c) = 4*c - 2. Let x be y(2). Suppose 2*o = 6 + x. Is 169/3 + o/9 composite?
True
Let s = 183 + -70. Is s a prime number?
True
Let l be (0*3/6)/2. Let g(v) = 3*v**2 + l*v**2 - 3*v + 0*v - 7 + 0*v**2. Is g(-5) prime?
True
Suppose 2*x = 51 - 15. Suppose -2*n + 132 = 5*b, 6 = -b - 4*n + x. Suppose -b = -g + 3. Is g a prime number?
True
Let s(f) = -f + 1. Let u(d) = 3*d**2 - 2*d + 4. Let x(c) = -3*s(c) + u(c). Is x(7) a composite number?
True
Suppose z - 6*z - y = -1111, 888 = 4*z + y. Is z a prime number?
True
Suppose 0 = -w - 4*x + x + 350, 4*x = -5*w + 1739. Is (w + -2)/3*1 a prime number?
False
Suppose 83 = 3*n - 2*n - 2*y, 0 = 5*n - 3*y - 450. Suppose b - n = -24. Is b a composite number?
True
Let t be (-2)/12 - (-242)/12. Let g be (2/(-5))/((-4)/t). Suppose -207 = -4*p - c, -g*p + 2*c + 275 = 3*p. Is p a composite number?
False
Suppose 0 = -3*y + 7*y - 12. Let f(k) = 37*k - 2. Let h be f(y). Suppose -4*j = 3*g - h, 74 = 2*g - 0*g + 3*j. Is g a prime number?
True
Let b(t) = t - 3. Let l be b(3). Suppose l = h + h - 46. Is h prime?
True
Let v(y) = 19*y**3 + y**2. Let u be v(-1). Let m = u + 29. Is m composite?
False
Let l(y) = 21*y**3 - 1 - 7*y**2 - 5*y**2 + 14*y**2. Suppose n + 2*k - 9 = 2*n, 4*n + 6 = 2*k. Is l(n) a composite number?
True
Let r be 3/(-3) + 15/3. Suppose 3*b - 4*k = 279, 0 = b + 5*k - r*k - 86. Is b composite?
False
Let y(v) = -v**2 + 10*v + 14. Let j be y(11). Let h = 2 + -3. Is 141*2/j - h composite?
True
Let y(w) = -w**3 + 8*w**2 - 4*w + 1. Is y(6) a prime number?
False
Let y(j) = 41*j**3 - 2*j**2 - 2. Is y(3) a composite number?
False
Suppose 247 = 5*w - 688. Is w a prime number?
False
Let i(o) = o**3 - 6*o**2 + 4*o + 2. Let q be i(5). Is (3/q)/(2/(-470)) composite?
True
Let d be -146*(2 - (-6)/(-4)). Suppose 924 = 2*n + 2*n + 3*h, 5*h = -20. Let p = d + n. Is p a prime number?
False
Suppose -2*t + 826 = -456. Is t prime?
True
Let m(u) = 4111*u**3 - u**2 - 5*u + 6. Is m(1) prime?
True
Let a(c) = -7*c + 1. Let w be a(-1). Suppose 3*v - 1 - w = 0. Is v a composite number?
False
Let q(i) = -i**2 - 10*i - 6. Let u be q(-9). Let r be (0 + (-3)/(-3))*u. Suppose 2*o = -r*o + 255. Is o composite?
True
Let q(b) be the second derivative of 29*b**3/6 + b**2/2 - b. Let h(m) = m - 2. Let l be h(4). Is q(l) prime?
True
Let r(f) = 3*f**2 + 4*f - 5. Suppose 0*i - 3*i = 5*l, -2*l = -5*i - 31. Let m be r(i). Let k = m - 31. Is k prime?
True
Let d(n) = 20*n**2 - 5*n + 5. Let f(t) = 21*t**2 - 6*t + 6. Let p(i) = 6*d(i) - 5*f(i). Suppose -u + 1 = 2. Is p(u) prime?
False
Suppose -5*g = -4*n + 281, 2*g + 2*g - 65 = -n. Is n prime?
False
Suppose 0 = 9*f - 6*f + 27. Is ((-178)/(-6))/((-3)/f) prime?
True
Suppose 0 = -0*c - 4*c. Suppose l - 23 = -c*l. Is l a prime number?
True
Suppose k - 5 = -3*y, 11 + 9 = 4*k. Suppose y = 2*t - 0*t - 850. Suppose 3*j + 2*j = t. Is j a prime number?
False
Let b = 3746 + -2179. Is b prime?
True
Let t = -671 - -1362. Is t composite?
False
Let b be (1 - 1 - 3) + 3. Suppose b = i + 5, -i - 513 = -0*p - 4*p. Is p composite?
False
Let l(j) = -19*j**3 - j**2 - 2*j + 2. Let x be l(-3). Suppose 270 + x = 2*w. Is w composite?
True
Let v = -9 - -15. Suppose b = v*b - 4*t + 2, 8 = -5*b + t. Is 48 - (2 - 1) - b composite?
True
Let u be (-888)/20 - 4/(-10). Is (-4 + 3 - u)/1 a prime number?
True
Let g(k) = -7*k**3 + 5*k + 2. Let v be -2 + (-6 - 0) - -3. Let q be g(v). Is ((-6)/(-9))/(8/q) composite?
False
Is ((-755)/3)/(-5 - 56/(-12)) a prime number?
False
Let f(z) = -z**3 + 6*z**2 + z - 5. Let b be f(6). Let m be -1 - (-15*b)/3. Suppose 4*o - 163 = -3*w, 104 = m*o + w - 49. Is o prime?
True
Suppose 0 = 4*a + w - 2063, -5*a - 5*w + 1574 = -986. Is a a composite number?
True
Let d = 307 - 104. Suppose -4*l + d = -129. Is l prime?
True
Suppose 26*j - 1497 = 25*j. Is j a prime number?
False
Let j(p) = -p - 3. Let d be j(-5). Suppose -4*t + 20 = 0, -3*t - 47 = -d*z + 2*t. Is 2/2 + z/1 composite?
False
Let t(a) = 5*a**3 + 2*a**2 - 1. Let d be t(-1). Let f be 2/d - (-2)/4. Suppose o + f*o = 127. Is o composite?
False
Is 1334/10 - 6*(-5)/(-75) composite?
True
Suppose -338 = -5*x + 182. Suppose 4*m - x = 124. Suppose -3*f + 360 = 5*y + 2*f, -2*f = -y + m. Is y prime?
True
Let t be 2/1 - (0 - 18). Let w = -13 + t. Let q(x) = x**3 - 5*x**2 - 10*x + 5. Is q(w) a prime number?
False
Suppose -4*o = -3*b - 11, 0 = 3*o - 4*o + 3*b + 5. Suppose o*s = -s + 987. Is s prime?
False
Let c(d) = -d**3 + 7*d**2 - 12*d + 8. Let i(a) = 3*a**3 - 21*a**2 + 35*a - 24. Let u(k) = 11*c(k) + 4*i(k). Let t be u(6). Is 3/(t - -2)*28 a composite number?
True
Let t(a) = -4*a**2 + 8*a + 4. Let p = -10 - -16. Let w be t(p). Let v = 181 + w. Is v a composite number?
False
Let i = -2 + 22. Suppose 3*x = 7*x - i. Is (6/(-4))/(x/(-10)) prime?
True
Suppose 4*k - 4*z - 27 = z, 3 = -4*k - 5*z. Suppose -4*o + k*o + 97 = 0. Is o a prime number?
True
Let k(i) = -i + 4. Let q be k(6). Is ((-14)/8)/(q/184) a prime number?
False
Let z(v) = -v**3 + 3*v**2. Let i be z(3). Is 222 - i - 1/(-1) composite?
False
Suppose -f - 3*f = 0. Suppose -4*u - 2*v = f, 2*u - 4*v + 3 = 13. Is (u - -5) + 0 + 1 a prime number?
True
Let q be 0/1 - (-2 + -1). Suppose -4*f + 39 = -q*f. Suppose -3*k - 3*b + f = 0, -b + 0*b = 1. Is k a prime number?
False
Let k(n) = 2*n**3 + n**2 - 2*n - 1. Let u be k(-2). Let q = u + 3. Is -2 - q - (2 + -1) composite?
False
Suppose d + 75 = y, -d = -0 - 4. Is y composite?
False
Suppose 5*c = 2*h - 10, -3 - 17 = -4*h - 2*c. Suppose 0 = -4*m + h*m - 2. Suppose -3*x = m*x - 95. Is x prime?
True
Let y(x) = -x**3 - 4*x**2 - 9*x - 6. Let s(z) = z**3 + 5*z**2 + 8*z + 6. Let b(m) = 3*s(m) + 2*y(m). Let k = 8 - 14. Is b(k) composite?
True
Suppose -4*g + 110 + 162 = 0. Let x = 34 - 65. Let n = g + x. Is n composite?
False
Suppose -2*i + 4*u - 2*u = -4, -3*i - 4*u = 1. Suppose 5*h = 4*h + 54. Is h/i + (1 - 0) composite?
True
Suppose 3*f + 13 = 5*w, -4*f - 23 = -f + 5*w. Let c(j) = 29*j**2 - 4*j - 7. Is c(f) prime?
True
Suppose 0 = -5*k - 168 + 643. Is k a prime number?
False
Suppose 155 = -3*b + 8*b. Is b composite?
False
Suppose -24*a = -17*a - 1757. Is a a composite number?
False
Let d(g) = -2 + 12*g**2 + g - 5*g - 3*g**2 - g**3 + g. Is d(8) composite?
True
Suppose -3*m - 447 = -6*m. Is m a composite number?
False
Is (-1461)/12*(10/(-5) + -2) a composite number?
False
Let m = 3 + -5. Is 2*(-5)/m*37 a prime number?
False
Let s(b) = -4*b**3 - 6*b**2 - 2*b - 5. Let w(n) = -12*n**3 - 17*n**2 - 6*n - 14. Let m(h) = -8*s(h) + 3*w(h). Let r be (-2)/3*3/1. Is